{"id":19175,"date":"2023-09-26T08:31:49","date_gmt":"2023-09-26T08:31:49","guid":{"rendered":"https:\/\/eshtm.es\/?page_id=19175"},"modified":"2023-10-23T13:03:55","modified_gmt":"2023-10-23T13:03:55","slug":"nuestra-escuela","status":"publish","type":"page","link":"https:\/\/eshtm.es\/?page_id=19175","title":{"rendered":"Nuestra Escuela"},"content":{"rendered":"\t\t<div data-elementor-type=\"wp-page\" data-elementor-id=\"19175\" class=\"elementor elementor-19175\">\n\t\t\t\t\t\t<section class=\"elementor-section elementor-top-section elementor-element elementor-element-0bb81fa elementor-section-boxed elementor-section-height-default elementor-section-height-default\" data-id=\"0bb81fa\" data-element_type=\"section\" data-e-type=\"section\">\n\t\t\t\t\t\t<div class=\"elementor-container elementor-column-gap-default\">\n\t\t\t\t\t<div class=\"elementor-column elementor-col-100 elementor-top-column elementor-element elementor-element-5cbb155\" data-id=\"5cbb155\" data-element_type=\"column\" data-e-type=\"column\">\n\t\t\t<div class=\"elementor-widget-wrap elementor-element-populated\">\n\t\t\t\t\t\t<section class=\"elementor-section elementor-inner-section elementor-element elementor-element-9b51fb2 elementor-section-boxed elementor-section-height-default elementor-section-height-default\" data-id=\"9b51fb2\" data-element_type=\"section\" data-e-type=\"section\">\n\t\t\t\t\t\t<div class=\"elementor-container elementor-column-gap-default\">\n\t\t\t\t\t<div class=\"elementor-column elementor-col-100 elementor-inner-column elementor-element elementor-element-4a9239a\" data-id=\"4a9239a\" data-element_type=\"column\" data-e-type=\"column\">\n\t\t\t<div class=\"elementor-widget-wrap elementor-element-populated\">\n\t\t\t\t\t\t<div class=\"elementor-element elementor-element-1d49220 elementor-widget elementor-widget-heading\" data-id=\"1d49220\" data-element_type=\"widget\" data-e-type=\"widget\" data-widget_type=\"heading.default\">\n\t\t\t\t<div class=\"elementor-widget-container\">\n\t\t\t\t\t<h1 class=\"elementor-heading-title elementor-size-default\">HISTORIA DEL CENTRO<\/h1>\t\t\t\t<\/div>\n\t\t\t\t<\/div>\n\t\t\t\t<div class=\"elementor-element elementor-element-70683d0 elementor-widget-divider--view-line elementor-widget elementor-widget-divider\" data-id=\"70683d0\" data-element_type=\"widget\" data-e-type=\"widget\" data-widget_type=\"divider.default\">\n\t\t\t\t<div class=\"elementor-widget-container\">\n\t\t\t\t\t\t\t<div class=\"elementor-divider\">\n\t\t\t<span class=\"elementor-divider-separator\">\n\t\t\t\t\t\t<\/span>\n\t\t<\/div>\n\t\t\t\t\t\t<\/div>\n\t\t\t\t<\/div>\n\t\t\t\t<div class=\"elementor-element elementor-element-26cfe10 elementor-widget elementor-widget-spacer\" data-id=\"26cfe10\" data-element_type=\"widget\" data-e-type=\"widget\" data-widget_type=\"spacer.default\">\n\t\t\t\t<div class=\"elementor-widget-container\">\n\t\t\t\t\t\t\t<div class=\"elementor-spacer\">\n\t\t\t<div class=\"elementor-spacer-inner\"><\/div>\n\t\t<\/div>\n\t\t\t\t\t\t<\/div>\n\t\t\t\t<\/div>\n\t\t\t\t<div class=\"elementor-element elementor-element-3a87409 elementor-widget elementor-widget-text-editor\" data-id=\"3a87409\" data-element_type=\"widget\" data-e-type=\"widget\" data-widget_type=\"text-editor.default\">\n\t\t\t\t<div class=\"elementor-widget-container\">\n\t\t\t\t\t\t\t\t\t<div class=\"vc_row wpb_row vc_row-fluid\"><div class=\"wpb_column vc_column_container vc_col-sm-8\"><div class=\"vc_column-inner \"><div class=\"wpb_wrapper\"><div class=\"wpb_text_column wpb_content_element \"><div class=\"wpb_wrapper\"><div class=\"wpb_column vc_column_container vc_col-sm-8\"><div class=\"vc_column-inner \"><div class=\"wpb_wrapper\"><div class=\"wpb_text_column wpb_content_element \"><div class=\"wpb_wrapper\"><p style=\"text-align: left;\"><a class=\"vc_single_image-wrapper vc_box_border_grey\" href=\"https:\/\/eshtm.es\/escuela\/orlas\/\"><img decoding=\"async\" class=\"vc_single_image-img attachment-full alignright\" src=\"https:\/\/www.escuelasuperior-hosteleriaturismo-madrid.com\/wp-content\/uploads\/2017\/03\/orlas.png\" alt=\"\" width=\"250\" height=\"165\" \/><\/a>En 1945 nace la escuela que en un principio se encontraba situada en la C\/ Cervantes cerca de Gran V\u00eda. Comienza su actividad exactamente el 15 de enero con 32 alumnos y est\u00e1 considerada\u00a0 la primera de Madrid y la segunda de Espa\u00f1a, la primera estuvo en Sevilla.<\/p><p data-wp-editing=\"1\"><img decoding=\"async\" class=\"alignnone wp-image-1335\" src=\"http:\/\/www.escuelasuperior-hosteleriaturismo-madrid.com\/wp-content\/uploads\/2017\/09\/descargaPDF.png\" sizes=\"(max-width: 72px) 100vw, 72px\" srcset=\"https:\/\/www.escuelasuperior-hosteleriaturismo-madrid.com\/wp-content\/uploads\/2017\/09\/descargaPDF.png 100w, https:\/\/www.escuelasuperior-hosteleriaturismo-madrid.com\/wp-content\/uploads\/2017\/09\/descargaPDF-24x24.png 24w, https:\/\/www.escuelasuperior-hosteleriaturismo-madrid.com\/wp-content\/uploads\/2017\/09\/descargaPDF-36x36.png 36w, https:\/\/www.escuelasuperior-hosteleriaturismo-madrid.com\/wp-content\/uploads\/2017\/09\/descargaPDF-48x48.png 48w\" alt=\"\" width=\"72\" height=\"71\" \/><a href=\"https:\/\/eshtm.es\/wp-content\/uploads\/2023\/10\/ESCUELA_TURISMO.pdf\">ESCUELA SUPERIOR DE HOSTELER\u00cdA Y TURISMO<\/a><\/p><p data-wp-editing=\"1\">\u00a0<\/p><\/div><\/div><\/div><\/div><\/div><\/div><\/div><\/div><\/div><\/div><\/div><div class=\"vc_row wpb_row vc_row-fluid\"><div class=\"wpb_column vc_column_container vc_col-sm-12\"><div class=\"vc_column-inner \"><div class=\"wpb_wrapper\"><div class=\"wpb_text_column wpb_content_element \"><div class=\"wpb_wrapper\"><p>Aqu\u00ed estudiaban aprendices, ayudantes y botones que estuvieran trabajando en el sector, previo examen de ingreso, las clases se impart\u00edan por la tarde de 16.00 a 19.00 h. El dinero para su financiaci\u00f3n se obten\u00eda de las aportaciones voluntarias de los profesionales hasta que se hizo cargo el Sindicato Provincial de Hosteler\u00eda, los profesores de pr\u00e1cticas eran profesionales reconocidos del sector que no cobraban salario.<\/p><p>La Escuela Nacional Superior de Hosteler\u00eda se inaugura el 4 de Marzo de 1959 en el actual emplazamiento. Constaba de residencia de alumnos, algunos de ellos estaban internos, otros eran medio pensionistas y los restantes externos, casi todos ellos con becas de la Mutualidad de Hosteler\u00eda, m\u00e1s tarde las empresas m\u00e1s importantes del sector tambi\u00e9n conceder\u00edan becas.<\/p><p>Aqu\u00ed se impart\u00edan todas las ense\u00f1anzas de hosteler\u00eda y turismo con car\u00e1cter oficial de Espa\u00f1a y sus especialidades eran: gerencia, cocina, servicios y gobernanta de hotel. Gerencia con el tiempo se convirti\u00f3 en la diplomatura de turismo y se imparti\u00f3 aqu\u00ed hasta que pas\u00f3 a ser dominio de la universidad.<\/p><p>Durante el primer curso los alumnos estaban un trimestre en cada una de las ramas, durante el segundo ya se especializaban y en el tercero realizaban sus pr\u00e1cticas pero deb\u00edan seguir asistiendo a sus clases te\u00f3ricas.<\/p><hr \/><p>En 1960 pasa a ser Escuela Sindical Superior de Hosteler\u00eda y en 1964 incorpora a sus ramas de estudio la Diplomatura de Turismo en la que se integra la anterior Gerencia.<\/p><p>Despu\u00e9s de depender de diferentes organismos oficiales, en 1.999 pasa a depender de la Consejer\u00eda de Educaci\u00f3n de la Comunidad de Madrid.<\/p><p>Hoy en d\u00eda se imparten la totalidad de los ciclos formativos de grado medio y superior de la familia profesional de Hosteler\u00eda y Turismo y alguna especialidad de Formaci\u00f3n Profesional B\u00e1sica (FPB). Aproximadamente cuenta con un total de 900\/1000 alumnos repartidos en\u00a0 los turnos de ma\u00f1ana y tarde.<\/p><p>Han titulado un total de 51 promociones y 4 generaciones de profesionales.<br \/>Antiguos alumnos de la escuela se encuentran presentes en todas las empresas del sector y en los cinco continentes demostrando d\u00eda a d\u00eda la importancia y excelencia de nuestra hosteler\u00eda y turismo.<\/p><p>As\u00ed mismo, comparten sus experiencias en los encuentros que habitualmente celebra la Asociaci\u00f3n de Antiguos Alumnos con motivo de FITUR.<\/p><hr \/><h3>Premios obtenidos:<\/h3><ul><li>Placa de Oro al M\u00e9rito Tur\u00edstico por el Ministerio de Informaci\u00f3n y Turismo.<\/li><li>Premio a la Formaci\u00f3n por la Asociaci\u00f3n Madrile\u00f1a de Empresarios de Restaurantes (AMER).<\/li><li>Reconocimiento a la labor desarrollada por la Federaci\u00f3n Espa\u00f1ola de Hoteles y Restaurantes (FEHR), que agrupa a m\u00e1s de 85 asociaciones profesionales de toda Espa\u00f1a-<\/li><li>Premio Alimentos de Espa\u00f1a por el Ministerio de Medio Ambiente Rural y Marino.<\/li><li>Medalla de plata de la Comunidad de Madrid a la formaci\u00f3n.<\/li><\/ul><hr \/><h3>Curiosidades:<\/h3><p>De las muchas que podemos destacar queremos recordar cuando en el patio central hab\u00eda un fuselaje de avi\u00f3n para que las azafatas hicieran sus pr\u00e1cticas o la celebraci\u00f3n recientemente del 50 aniversario de la escuela con la presencia de la Infanta Elena y Do\u00f1a Esperanza Aguirre.<\/p><hr \/><h3>Concursos:<\/h3><p>De los muchos que se celebran en la Escuela destacamos \u201cEsp\u00edritu de Equipo\u201d en el que participan alumnos de todas las escuelas de la comunidad en diferentes especialidades<\/p><hr \/><h3>Nuestra Misi\u00f3n:<\/h3><p>Educar personas y formar profesionales en estrecho contacto con el mundo laboral en que se integran.<\/p><\/div><\/div><\/div><\/div><\/div><\/div>\t\t\t\t\t\t\t\t<\/div>\n\t\t\t\t<\/div>\n\t\t\t\t\t<\/div>\n\t\t<\/div>\n\t\t\t\t\t<\/div>\n\t\t<\/section>\n\t\t\t\t\t<\/div>\n\t\t<\/div>\n\t\t\t\t\t<\/div>\n\t\t<\/section>\n\t\t\t\t<\/div>\n\t\t","protected":false},"excerpt":{"rendered":"<p>HISTORIA DEL CENTRO En 1945 nace la escuela que en un principio se encontraba situada en la C\/ Cervantes cerca de Gran V\u00eda. Comienza su actividad exactamente el 15 de enero con 32 alumnos y est\u00e1 considerada\u00a0 la primera de &hellip; <\/p>\n","protected":false},"author":1,"featured_media":0,"parent":19168,"menu_order":0,"comment_status":"closed","ping_status":"closed","template":"elementor_header_footer","meta":{"footnotes":""},"folder":[],"class_list":["post-19175","page","type-page","status-publish","hentry"],"aioseo_notices":[],"_links":{"self":[{"href":"https:\/\/eshtm.es\/index.php?rest_route=\/wp\/v2\/pages\/19175","targetHints":{"allow":["GET"]}}],"collection":[{"href":"https:\/\/eshtm.es\/index.php?rest_route=\/wp\/v2\/pages"}],"about":[{"href":"https:\/\/eshtm.es\/index.php?rest_route=\/wp\/v2\/types\/page"}],"author":[{"embeddable":true,"href":"https:\/\/eshtm.es\/index.php?rest_route=\/wp\/v2\/users\/1"}],"replies":[{"embeddable":true,"href":"https:\/\/eshtm.es\/index.php?rest_route=%2Fwp%2Fv2%2Fcomments&post=19175"}],"version-history":[{"count":64,"href":"https:\/\/eshtm.es\/index.php?rest_route=\/wp\/v2\/pages\/19175\/revisions"}],"predecessor-version":[{"id":21693,"href":"https:\/\/eshtm.es\/index.php?rest_route=\/wp\/v2\/pages\/19175\/revisions\/21693"}],"up":[{"embeddable":true,"href":"https:\/\/eshtm.es\/index.php?rest_route=\/wp\/v2\/pages\/19168"}],"wp:attachment":[{"href":"https:\/\/eshtm.es\/index.php?rest_route=%2Fwp%2Fv2%2Fmedia&parent=19175"}],"wp:term":[{"taxonomy":"folder","embeddable":true,"href":"https:\/\/eshtm.es\/index.php?rest_route=%2Fwp%2Fv2%2Ffolder&post=19175"}],"curies":[{"name":"wp","href":"https:\/\/api.w.org\/{rel}","templated":true}]}}