{"id":19183,"date":"2023-09-26T08:34:17","date_gmt":"2023-09-26T08:34:17","guid":{"rendered":"https:\/\/eshtm.es\/?page_id=19183"},"modified":"2025-09-11T21:14:13","modified_gmt":"2025-09-11T20:14:13","slug":"turismo","status":"publish","type":"page","link":"https:\/\/eshtm.es\/?page_id=19183","title":{"rendered":"TURISMO"},"content":{"rendered":"\t\t<div data-elementor-type=\"wp-page\" data-elementor-id=\"19183\" class=\"elementor elementor-19183\">\n\t\t\t\t\t\t<section class=\"elementor-section elementor-top-section elementor-element elementor-element-3a66cd4 elementor-section-boxed elementor-section-height-default elementor-section-height-default\" data-id=\"3a66cd4\" data-element_type=\"section\" data-e-type=\"section\">\n\t\t\t\t\t\t<div class=\"elementor-container elementor-column-gap-default\">\n\t\t\t\t\t<div class=\"elementor-column elementor-col-100 elementor-top-column elementor-element elementor-element-d7e5899\" data-id=\"d7e5899\" data-element_type=\"column\" data-e-type=\"column\">\n\t\t\t<div class=\"elementor-widget-wrap elementor-element-populated\">\n\t\t\t\t\t\t<div class=\"elementor-element elementor-element-55ea495 elementor-widget elementor-widget-heading\" data-id=\"55ea495\" data-element_type=\"widget\" data-e-type=\"widget\" data-widget_type=\"heading.default\">\n\t\t\t\t<div class=\"elementor-widget-container\">\n\t\t\t\t\t<h1 class=\"elementor-heading-title elementor-size-default\">TURISMO<\/h1>\t\t\t\t<\/div>\n\t\t\t\t<\/div>\n\t\t\t\t<div class=\"elementor-element elementor-element-47a4118 elementor-widget-divider--view-line elementor-widget elementor-widget-divider\" data-id=\"47a4118\" data-element_type=\"widget\" data-e-type=\"widget\" data-widget_type=\"divider.default\">\n\t\t\t\t<div class=\"elementor-widget-container\">\n\t\t\t\t\t\t\t<div class=\"elementor-divider\">\n\t\t\t<span class=\"elementor-divider-separator\">\n\t\t\t\t\t\t<\/span>\n\t\t<\/div>\n\t\t\t\t\t\t<\/div>\n\t\t\t\t<\/div>\n\t\t\t\t<div class=\"elementor-element elementor-element-cc8e1c8 elementor-widget thim-widget-tab template-tab\" data-id=\"cc8e1c8\" data-element_type=\"widget\" data-e-type=\"widget\" data-widget_type=\"thim-tab.default\">\n\t\t\t\t<div class=\"elementor-widget-container\">\n\t\t\t\t\t<ul class=\"nav nav-tabs\" role=\"tablist\"><li role=\"presentation\" class='active tab-col-2'><a href=\"#thim-widget-tab-11776396768-1-96\"  role=\"tab\" data-toggle=\"tab\">Grado Superior<\/a><\/li><li role=\"presentation\" class='tab-col-2'><a href=\"#thim-widget-tab-21776396768-1-96\"  role=\"tab\" data-toggle=\"tab\">Grado Superior Dual<\/a><\/li><\/ul><div class=\"tab-content\"> <div role=\"tabpanel\" class=\"tab-pane active\" id=\"thim-widget-tab-11776396768-1-96\">\t\t<div data-elementor-type=\"section\" data-elementor-id=\"21075\" class=\"elementor elementor-21075\">\n\t\t\t\t\t\t<section class=\"elementor-section elementor-top-section elementor-element elementor-element-8f5276b elementor-section-boxed elementor-section-height-default elementor-section-height-default\" data-id=\"8f5276b\" data-element_type=\"section\" data-e-type=\"section\">\n\t\t\t\t\t\t<div class=\"elementor-container elementor-column-gap-default\">\n\t\t\t\t\t<div class=\"elementor-column elementor-col-100 elementor-top-column elementor-element elementor-element-31c99e4\" data-id=\"31c99e4\" data-element_type=\"column\" data-e-type=\"column\">\n\t\t\t<div class=\"elementor-widget-wrap elementor-element-populated\">\n\t\t\t\t\t\t<div class=\"elementor-element elementor-element-1c02016 elementor-drop-cap-yes elementor-drop-cap-view-default elementor-widget elementor-widget-text-editor\" data-id=\"1c02016\" data-element_type=\"widget\" data-e-type=\"widget\" data-settings=\"{&quot;drop_cap&quot;:&quot;yes&quot;}\" data-widget_type=\"text-editor.default\">\n\t\t\t\t<div class=\"elementor-widget-container\">\n\t\t\t\t\t\t\t\t\t<div class=\"wpb_text_column wpb_content_element vc_custom_1622479671168\"><div class=\"wpb_wrapper\"><div class=\"wpb_text_column wpb_content_element vc_custom_1622479671168\"><div class=\"wpb_wrapper\"><p><a href=\"https:\/\/eshtm.es\/wp-content\/uploads\/2025\/11\/GESTION-ALOJAMIENTOS-TURISTICOS.pdf\"><strong data-olk-copy-source=\"MessageBody\">Gesti\u00f3n de Alojamiento:<\/strong>\u00a0 Presencial, Turno Vespertino.<\/a><\/p><\/div><\/div><\/div><\/div>\t\t\t\t\t\t\t\t<\/div>\n\t\t\t\t<\/div>\n\t\t\t\t\t<\/div>\n\t\t<\/div>\n\t\t\t\t\t<\/div>\n\t\t<\/section>\n\t\t\t\t<section class=\"elementor-section elementor-top-section elementor-element elementor-element-da4326d elementor-section-boxed elementor-section-height-default elementor-section-height-default\" data-id=\"da4326d\" data-element_type=\"section\" data-e-type=\"section\">\n\t\t\t\t\t\t<div class=\"elementor-container elementor-column-gap-default\">\n\t\t\t\t\t<div class=\"elementor-column elementor-col-100 elementor-top-column elementor-element elementor-element-2b1f43b\" data-id=\"2b1f43b\" data-element_type=\"column\" data-e-type=\"column\">\n\t\t\t<div class=\"elementor-widget-wrap elementor-element-populated\">\n\t\t\t\t\t\t<div class=\"elementor-element elementor-element-6650872 elementor-drop-cap-yes elementor-drop-cap-view-default elementor-widget elementor-widget-text-editor\" data-id=\"6650872\" data-element_type=\"widget\" data-e-type=\"widget\" data-settings=\"{&quot;drop_cap&quot;:&quot;yes&quot;}\" data-widget_type=\"text-editor.default\">\n\t\t\t\t<div class=\"elementor-widget-container\">\n\t\t\t\t\t\t\t\t\t<div class=\"wpb_text_column wpb_content_element vc_custom_1622479671168\"><div class=\"wpb_wrapper\"><div class=\"wpb_text_column wpb_content_element vc_custom_1622479671168\"><div class=\"wpb_wrapper\"><p><a href=\"https:\/\/eshtm.es\/wp-content\/uploads\/2025\/11\/AGENCIAS-DE-VIAJES-Y-GESTION-DE-EVENTOS.pdf\"><strong data-olk-copy-source=\"MessageBody\">Agencias de viajes y gesti\u00f3n de Eventos:<\/strong> Presencial, Biling\u00fce Turno Vespertino.<\/a><\/p><\/div><\/div><\/div><\/div>\t\t\t\t\t\t\t\t<\/div>\n\t\t\t\t<\/div>\n\t\t\t\t\t<\/div>\n\t\t<\/div>\n\t\t\t\t\t<\/div>\n\t\t<\/section>\n\t\t\t\t<section class=\"elementor-section elementor-top-section elementor-element elementor-element-c201134 elementor-section-boxed elementor-section-height-default elementor-section-height-default\" data-id=\"c201134\" data-element_type=\"section\" data-e-type=\"section\">\n\t\t\t\t\t\t<div class=\"elementor-container elementor-column-gap-default\">\n\t\t\t\t\t<div class=\"elementor-column elementor-col-100 elementor-top-column elementor-element elementor-element-1ff4e9b\" data-id=\"1ff4e9b\" data-element_type=\"column\" data-e-type=\"column\">\n\t\t\t<div class=\"elementor-widget-wrap elementor-element-populated\">\n\t\t\t\t\t\t<div class=\"elementor-element elementor-element-9f84a08 elementor-drop-cap-yes elementor-drop-cap-view-default elementor-widget elementor-widget-text-editor\" data-id=\"9f84a08\" data-element_type=\"widget\" data-e-type=\"widget\" data-settings=\"{&quot;drop_cap&quot;:&quot;yes&quot;}\" data-widget_type=\"text-editor.default\">\n\t\t\t\t<div class=\"elementor-widget-container\">\n\t\t\t\t\t\t\t\t\t<div class=\"wpb_text_column wpb_content_element vc_custom_1622479671168\"><div class=\"wpb_wrapper\"><div class=\"wpb_text_column wpb_content_element vc_custom_1622479671168\"><div class=\"wpb_wrapper\"><p><a href=\"https:\/\/eshtm.es\/wp-content\/uploads\/2025\/11\/GUIA-INFORMACION-Y-ASISTENCIAS-TURISTICAS.pdf\"><strong data-olk-copy-source=\"MessageBody\">Gu\u00eda, Informaci\u00f3n y Asistencias Tur\u00edsticas:<\/strong> Presencial, Biling\u00fce Turno Vespertino.<\/a><\/p><\/div><\/div><\/div><\/div>\t\t\t\t\t\t\t\t<\/div>\n\t\t\t\t<\/div>\n\t\t\t\t\t<\/div>\n\t\t<\/div>\n\t\t\t\t\t<\/div>\n\t\t<\/section>\n\t\t\t\t<\/div>\n\t\t<\/div> <div role=\"tabpanel\" class=\"tab-pane\" id=\"thim-widget-tab-21776396768-1-96\">\t\t<div data-elementor-type=\"section\" data-elementor-id=\"21078\" class=\"elementor elementor-21078\">\n\t\t\t\t\t\t<section class=\"elementor-section elementor-top-section elementor-element elementor-element-c2ee811 elementor-section-boxed elementor-section-height-default elementor-section-height-default\" data-id=\"c2ee811\" data-element_type=\"section\" data-e-type=\"section\">\n\t\t\t\t\t\t<div class=\"elementor-container elementor-column-gap-default\">\n\t\t\t\t\t<div class=\"elementor-column elementor-col-100 elementor-top-column elementor-element elementor-element-c4cc065\" data-id=\"c4cc065\" data-element_type=\"column\" data-e-type=\"column\">\n\t\t\t<div class=\"elementor-widget-wrap elementor-element-populated\">\n\t\t\t\t\t\t<div class=\"elementor-element elementor-element-a752c7c elementor-widget elementor-widget-text-editor\" data-id=\"a752c7c\" data-element_type=\"widget\" data-e-type=\"widget\" data-widget_type=\"text-editor.default\">\n\t\t\t\t<div class=\"elementor-widget-container\">\n\t\t\t\t\t\t\t\t\t<div class=\"wpb_text_column wpb_content_element vc_custom_1622479805732\"><div class=\"wpb_wrapper\"><p><a href=\"https:\/\/eshtm.es\/wp-content\/uploads\/2025\/09\/13.-GS-DOBLE-AGENCIAS-DE-VIAJES-Y-GUIA-INTENSIVO-HOTS-23.pdf\"><strong>Agencias de Viajes + Gu\u00eda, Informaci\u00f3n y Asistencias Tur\u00edsticas:<\/strong> Dual, Doble Titulaci\u00f3n, Turno Diurno<\/a> (3 a\u00f1os)<\/p><p><a href=\"https:\/\/eshtm.es\/wp-content\/uploads\/2025\/09\/14.-GS-DOBLE-GESTION-ALOJAMIENTOS-TURISTICOS-Y-GUIA-INTENSIVO-HOTS13.pdf\"><strong>Gesti\u00f3n de Alojamientos Tur\u00edsticos + Gu\u00eda, Informaci\u00f3n y Asistencias Tur\u00edsticas:<\/strong>\u00a0Dual, Doble Titulaci\u00f3n, Turno Diurno<\/a> (3 a\u00f1os)<\/p><\/div><\/div>\t\t\t\t\t\t\t\t<\/div>\n\t\t\t\t<\/div>\n\t\t\t\t\t<\/div>\n\t\t<\/div>\n\t\t\t\t\t<\/div>\n\t\t<\/section>\n\t\t\t\t<\/div>\n\t\t<\/div><\/div>\t\t\t\t<\/div>\n\t\t\t\t<\/div>\n\t\t\t\t<div class=\"elementor-element elementor-element-fe770b3 elementor-widget elementor-widget-thim-ekits-nav-menu\" data-id=\"fe770b3\" data-element_type=\"widget\" data-e-type=\"widget\" data-widget_type=\"thim-ekits-nav-menu.default\">\n\t\t\t\t<div class=\"elementor-widget-container\">\n\t\t\t\t\t<div class=\"thim-ekits-menu \"><small>Edit widget and choose a menu<\/small><\/div>\t\t\t\t<\/div>\n\t\t\t\t<\/div>\n\t\t\t\t\t<\/div>\n\t\t<\/div>\n\t\t\t\t\t<\/div>\n\t\t<\/section>\n\t\t\t\t<\/div>\n\t\t","protected":false},"excerpt":{"rendered":"<p>TURISMO Grado Superior Grado Superior Dual Edit widget and choose a menu<\/p>\n","protected":false},"author":1,"featured_media":0,"parent":0,"menu_order":2,"comment_status":"closed","ping_status":"closed","template":"elementor_header_footer","meta":{"footnotes":""},"folder":[],"class_list":["post-19183","page","type-page","status-publish","hentry"],"aioseo_notices":[],"_links":{"self":[{"href":"https:\/\/eshtm.es\/index.php?rest_route=\/wp\/v2\/pages\/19183","targetHints":{"allow":["GET"]}}],"collection":[{"href":"https:\/\/eshtm.es\/index.php?rest_route=\/wp\/v2\/pages"}],"about":[{"href":"https:\/\/eshtm.es\/index.php?rest_route=\/wp\/v2\/types\/page"}],"author":[{"embeddable":true,"href":"https:\/\/eshtm.es\/index.php?rest_route=\/wp\/v2\/users\/1"}],"replies":[{"embeddable":true,"href":"https:\/\/eshtm.es\/index.php?rest_route=%2Fwp%2Fv2%2Fcomments&post=19183"}],"version-history":[{"count":17,"href":"https:\/\/eshtm.es\/index.php?rest_route=\/wp\/v2\/pages\/19183\/revisions"}],"predecessor-version":[{"id":24021,"href":"https:\/\/eshtm.es\/index.php?rest_route=\/wp\/v2\/pages\/19183\/revisions\/24021"}],"wp:attachment":[{"href":"https:\/\/eshtm.es\/index.php?rest_route=%2Fwp%2Fv2%2Fmedia&parent=19183"}],"wp:term":[{"taxonomy":"folder","embeddable":true,"href":"https:\/\/eshtm.es\/index.php?rest_route=%2Fwp%2Fv2%2Ffolder&post=19183"}],"curies":[{"name":"wp","href":"https:\/\/api.w.org\/{rel}","templated":true}]}}